en 59 is divided by b?
14
Let x(a) = 2*a + 20. Let n be x(-9). Suppose 2*p + w = -w + 170, -5*w = -n*p + 170. Let l = 14 - -8. What is the remainder when p is divided by l?
19
Suppose -3*b = -2*h, -4*b - 5*h = -h. Suppose b = -2*u + 47 + 43. Calculate the remainder when u is divided by (-1)/(-1)*24 - 1.
22
Suppose 20 = -4*n, 3*n + 9 = -g - 6. Let a = -1998 + 2044. Calculate the remainder when a is divided by (g - 0/2) + 12.
10
What is the remainder when (64/(-224))/((-1)/644*1) is divided by 11?
8
Suppose 4*p = d + 1197, -2*p + 296 = -p + 3*d. Calculate the remainder when p is divided by 75.
74
Let h(l) = 16*l - 20. Let s be h(8). Calculate the remainder when 33 is divided by (s/30)/((-4)/(-10)).
6
What is the remainder when 83 - (-1 - -4 - (-4 + 12)) is divided by 30?
28
Suppose 0 = 3*m - 208 + 31. Suppose 3*o - 3*y = -4*y - 1, -o - 5 = 5*y. What is the remainder when m is divided by (-1)/(1/(-20)) - o?
19
What is the remainder when 294 is divided by 4*475/20 - -1?
6
Let c(o) = -o**3 - 2*o**2 + 23. What is the remainder when c(-7) is divided by 39?
34
Suppose 0 = d - 4*d. Let a be 3/6*(d - 4). Let q = a + 5. What is the remainder when 11 is divided by q?
2
Suppose v - 5*r = -3*r + 6, -4 = 2*r. Let j = 30 + -6. Calculate the remainder when j is divided by -3 + (-2 + v)/5 - -12.
6
Let g = -599 - -607. Let m(o) = -4*o + 3. Let z be m(-3). Suppose 3*y + 0*y - z = 0. What is the remainder when g is divided by y?
3
Let v = -109 - -129. Calculate the remainder when 396 is divided by v.
16
Let z = -46 + 51. Suppose z*k - 77 = 33. Calculate the remainder when k is divided by ((-6)/(-5))/(2/20).
10
Let h(q) = 283*q - 3. Let u be h(1). Suppose 11*a = 16*a + u. Let l = 112 + a. What is the remainder when l is divided by 19?
18
Let x(i) = i**2 - 38. Let j be x(14). Let o = 179 - j. Calculate the remainder when o is divided by 1/4 + 141/12.
9
Let s be 21/35 + (-3)/5. Calculate the remainder when ((-3)/(-3))/(1/69 + s) is divided by 36.
33
Suppose 0 = -16*b + 44*b - 4060. What is the remainder when b is divided by 73?
72
Let z = 4 - -5. Let o = z + -4. Suppose -w = w - d - 65, -o*w + 165 = -3*d. What is the remainder when w is divided by 11?
8
Let b(k) = -18*k**2 + 14*k + 3*k**2 + 6 - 27 - k**3. What is the remainder when 43 is divided by b(-16)?
10
Suppose 0 = 2*r + 6*r - 208. Suppose h - 2*m = -h + r, -4*m = 20. Calculate the remainder when 22 is divided by h.
6
Suppose -2*z = 6, -5*h = -10*h - 2*z + 34. What is the remainder when 66 is divided by h?
2
Suppose 6*c = 2*c + 16. Let n be (1 - -8) + (-5 - -1). Suppose n*h + 199 = c*x, 0 = x - 6*x + 3*h + 252. What is the remainder when x is divided by 13?
12
Let m be 4 - (-3 - (-13 + 2)). Let k = 173 + -121. Calculate the remainder when k is divided by (12/30)/(m/(-110)).
8
Suppose -27*a + 2014 = 11*a. Calculate the remainder when 158 is divided by a.
52
Suppose -17*k = -12*k - 110. Suppose n + 5 = -5*v + k, 49 = 4*n + v. Calculate the remainder when 22 is divided by n.
10
Calculate the remainder when ((-41)/1)/(8/(-96)*6) is divided by 40.
2
Let a = -29 - -81. Calculate the remainder when a is divided by 23 + (3 - (2 + -3)).
25
Let m(r) = -19*r + 17. Let y be m(7). Let a = 205 + y. What is the remainder when a is divided by 13?
11
Suppose -x - 4 + 80 = 4*c, 3*c = x - 104. Suppose x - 26 = 2*f. Calculate the remainder when 63 is divided by f.
30
Suppose 3*u = b + 2, 3*u + 0*u = -b + 4. Let j = 27 + -14. What is the remainder when j is divided by 9*u/((-3)/(-3))?
4
Suppose 0 = 16*z + 597 - 741. Calculate the remainder when 259 is divided by z.
7
Let m be 15/(-9)*(-36)/30. Suppose 0*h = m*w + 3*h - 76, -5*w = -h - 190. What is the remainder when 113 is divided by w?
37
What is the remainder when 121 is divided by (11 - 5) + 37 + -3?
1
Let u be -2 - -1 - 2 - (-385 + -1). Let y = -210 + u. What is the remainder when y is divided by 29?
28
Let y(d) = -3*d + 46. Calculate the remainder when 253 is divided by y(10).
13
Calculate the remainder when 17 + (-8)/(-28)*7 is divided by 12.
7
What is the remainder when (14 + -5)*2/1 is divided by 13?
5
Calculate the remainder when (18/8)/(41/8 + -5) is divided by 4.
2
What is the remainder when 1770/9 - 4/(-22 - -10) is divided by 20?
17
Suppose 25*m - 294 = 256. Calculate the remainder when m is divided by (2 + (-20)/6)*-9.
10
Suppose -26*w - 513 = -3425. What is the remainder when w is divided by 32?
16
Suppose 3*u = -3*f + 78, -2*f = -3*u + f + 96. Calculate the remainder when 107 is divided by u.
20
Let s = -252 - -361. Suppose -s = -q - 0*q. Calculate the remainder when q is divided by 23.
17
Suppose -15 = -4*r - r. What is the remainder when ((-474)/(-6))/(2/2) is divided by r - -8*(6 + -3)?
25
Let m(t) = t**3 + 7*t**2 + 3*t - 18. Let h be m(-6). Suppose 3*x - z - 439 = 0, h = -x - 3*x + 3*z + 582. What is the remainder when x is divided by 10?
7
Let a be 0 + 2*(-2 + 4). Let y(w) = 2*w + 5*w - a + 0*w. What is the remainder when y(6) is divided by 20?
18
Let z(j) = -3*j + 53. Let v be z(22). Let x = 30 - v. Calculate the remainder when 168 is divided by x.
39
Let t be (-24)/2*11/4. Let r = -200 - -256. Let l = t + r. Calculate the remainder when 43 is divided by l.
20
Let u(r) = 8*r**3 - 3*r**2 + 9*r - 22. What is the remainder when u(5) is divided by 19?
17
Let i = 3 + 5. Calculate the remainder when 2/(-10) - 14382/(-510) is divided by i.
4
Suppose -2*g + 10*t - 11*t = -33, 0 = -g + 4*t + 39. Calculate the remainder when (-2 - 31)*(-15)/9 is divided by g.
17
Suppose 0 = -z + 4*u + 14, z + 3*u = -z - 5. What is the remainder when 8 is divided by z?
0
Calculate the remainder when 66 is divided by (21/(-35))/((-1)/(-10)*-2).
0
What is the remainder when 29 + (-20)/(-4) + -4 is divided by 7?
2
Suppose -3*n = -m - 99, 0 = -n + 4*m + 26 + 18. Let l(u) = 5*u**2 - 6*u + 3. Let p = 25 + -23. Calculate the remainder when n is divided by l(p).
10
Let r be ((-1 - 239)/3)/((-7)/(-28)). Calculate the remainder when 117 is divided by r/(-10) - 3*2/3.
27
Let k = -411 - -432. Calculate the remainder when 293 is divided by k.
20
Let b = 5694 + -5679. Let v be -15*((-2)/6 - -1). Calculate the remainder when b is divided by (-30)/9*12/v.
3
Let o(j) = 6*j**2 + 9*j + 23. What is the remainder when o(-7) is divided by 26?
20
Suppose 78*n - 101*n = -1564. What is the remainder when 188 is divided by n?
52
Suppose -2*j + 10*a = 6*a - 592, -4*j + 3*a + 1184 = 0. Calculate the remainder when j is divided by 29.
6
Suppose -35*l - 64 = -4474. Calculate the remainder when l is divided by 24.
6
Calculate the remainder when 9*16/648 + (-2480)/(-18) is divided by 28.
26
What is the remainder when (-3 - 1) + (85 - 0 - 1) is divided by 31?
18
Let m(i) = i**2 - 3*i - 42. Calculate the remainder when m(-10) is divided by 5.
3
Let y = -150 - -167. Calculate the remainder when 63 is divided by y.
12
Suppose -20 = -j + 5*g, -3*g + 0*g = -4*j - 5. Calculate the remainder when j/(4 - -11) + (-247)/(-3) is divided by 21.
19
Let z(g) = g**2 + 3*g - 4. Calculate the remainder when ((-8)/10)/(177/(-3540)) is divided by z(-5).
4
Let p(o) = 8*o. Suppose -2 = 6*d - 8*d. What is the remainder when 6/15 + (-772)/(-20) is divided by p(d)?
7
Let g = 32 + -37. Calculate the remainder when -8 - g - (-1 - 3) - -56 is divided by (1 + 0)/((-5)/(-75)).
12
Let l(s) = s**3 + s**2 - s + 175. Let x be l(0). Suppose h + 6 = 13. Suppose -h*u + x = -2*u. Calculate the remainder when u is divided by 12.
11
Suppose 0 = 3*p - 610 + 190. Calculate the remainder when p is divided by 13.
10
What is the remainder when 585 is divided by -2 + (-6 - -4) + (-36)/(-2)?
11
Let w = 71 + -68. Suppose 404 = 5*t + 2*x, 206 + 195 = 5*t + w*x. What is the remainder when t is divided by 12?
10
Calculate the remainder when 593 is divided by 10 + -5*21/(-35).
8
Let n be (2/18*-3)/((-2)/(-12)). Calculate the remainder when 15 is divided by 2/10*n + 798/95.
7
Suppose -2*u - 264 = -b, -15*b + 17*b - 2*u - 530 = 0. What is the remainder when b is divided by 28?
14
Suppose 5*i - 25 = -5. Let c be (2 - 13) + 1 + 0. Let v = 20 + c. Calculate the remainder when v is divided by i.
2
Suppose 5*h + 3*w = -127, -2*h = -5*h + 5*w - 49. Let j(b) = 10*b**2 + 34. Let n be j(0). Let v = n + h. What is the remainder when 19 is divided by v?
8
Let v(u) = 2*u**2 - 8*